{"id":1118,"date":"2019-06-04T02:38:17","date_gmt":"2019-06-04T02:38:17","guid":{"rendered":"http:\/\/madamehuong.vn\/?page_id=1118"},"modified":"2021-07-22T01:45:12","modified_gmt":"2021-07-22T01:45:12","slug":"thuong-hieu","status":"publish","type":"page","link":"https:\/\/banhtrungthu3.themedep.top\/?page_id=1118","title":{"rendered":"Th\u01b0\u01a1ng hi\u1ec7u"},"content":{"rendered":"<p>Tr\u01b0\u1edbc \u0111\u00e2y, t\u00f4i ch\u1ec9 xu\u1ea5t th\u00e2n trong\u00a0<strong><a href=\"https:\/\/kinhdoanhnhahang.vn\/cau-chuyen-kinh-doanh-cung-nhung-chiec-banh-ngot-madame-huong-tiem-banh-ngot-ngon-nhat-ha-noi\/\">gia \u0111\u00ecnh<\/a><\/strong>\u00a0c\u00f3 truy\u1ec1n th\u1ed1ng l\u00e0m b\u00e1nh n\u01b0\u1edbng, b\u00e1nh d\u1ebbo, t\u1eeb vi\u1ec7c y\u00eau th\u00edch l\u00e0m b\u00e1nh v\u00e0 c\u0169ng l\u00e0 c\u01a1 duy\u00ean t\u00f4i \u0111\u01b0\u1ee3c nh\u1eadn l\u00e0m nh\u00e2n vi\u00ean l\u00e0m b\u00e1nh trong kh\u00e1ch s\u1ea1n 5 sao \u2013 Metropole Ha Noi, v\u1edbi th\u00e2m ni\u00ean 10 n\u0103m, sau \u0111\u00f3, c\u0169ng c\u00f3 \u0111i h\u1ecdc v\u00e0 l\u00e0m th\u00eam t\u1ea1i nh\u00e0. Th\u1ea5y r\u1eb1ng c\u00e1c lo\u1ea1i b\u00e1nh trong kh\u00e1ch s\u1ea1n r\u1ea5t ngon, mang h\u01b0\u01a1ng v\u1ecb \u0111\u1eb7c tr\u01b0ng c\u1ee7a ph\u01b0\u01a1ng T\u00e2y nh\u01b0ng gi\u00e1 l\u1ea1i cao kh\u00f4ng ph\u1ea3i ai c\u0169ng \u0111\u01b0\u1ee3c th\u01b0\u1edfng th\u1ee9c, th\u00eam ph\u1ea7n b\u1ea1n b\u00e8 c\u0169ng nh\u1edd l\u00e0m b\u00e1nh kh\u00e1 nhi\u1ec1u, v\u00ec v\u1eady, m\u00e0 t\u00f4i \u0111\u00e3 d\u1eebng c\u00f4ng vi\u1ec7c t\u1ea1i kh\u00e1ch s\u1ea1n, b\u1eaft \u0111\u1ea7u m\u1edf l\u00e0m b\u00e1nh trong ng\u00f5 nh\u1ecf s\u1ed1 16 L\u00fd Nam \u0110\u1ebf, sau \u0111\u00f3, m\u1edf c\u1eeda h\u00e0ng \u0111\u1ea7u ti\u00ean t\u1ea1i ph\u1ed1 Phan \u0110\u00ecnh Ph\u00f9ng v\u00e0o n\u0103m 2003, c\u00f9ng nh\u1eefng ng\u01b0\u1eddi th\u1ee3 ph\u1ee5 tr\u1ee3 gi\u00fap \u0111i t\u1eeb nh\u1eefng kh\u00f3 kh\u0103n \u0111\u1ea7u ti\u00ean ch\u1ee9a \u0111\u1ef1ng \u201cgi\u1ecdt n\u01b0\u1edbc m\u1eaft x\u01b0\u01a1ng m\u00e1u\u201d m\u00e0 sau th\u1eddi gian ho\u1ea1t \u0111\u1ed9ng g\u1ea7n 10 n\u0103m c\u0169ng \u0111\u00e3 t\u1ea1o \u0111\u01b0\u1ee3c m\u1ed9t th\u01b0\u01a1ng hi\u1ec7u b\u00e1nh ngon \u0111i v\u00e0o l\u00f2ng c\u00f4ng ch\u00fang.<\/p>\n<p>Nh\u01b0ng \u0111\u1ebfn n\u0103m 2012, t\u00f4i v\u00e0 gia \u0111\u00ecnh c\u00f3 d\u1ef1 \u0111\u1ecbnh sang n\u01b0\u1edbc ngo\u00e0i sinh s\u1ed1ng, \u0111\u1ed3ng th\u1eddi c\u0169ng l\u00e0 v\u00ec qu\u00e1\u00a0\u0111am m\u00ea mu\u1ed1n tr\u1ea3i nghi\u1ec7m k\u1ef9 thu\u1eadt l\u00e0m b\u00e1nh t\u1ea1i n\u01b0\u1edbc ngo\u00e0i, v\u00ec v\u1eady sau 10 n\u0103m l\u00e0 \u201cM\u1eb9 \u0111\u1ebb\u201d t\u00f4i \u0111\u00e3 c\u1ed5 ph\u1ea9n v\u1edbi \u0111\u01a1n v\u1ecb kh\u00e1c, trao l\u1ea1i quy\u1ec1n l\u00e0m ch\u1ee7 c\u1ee7a ti\u1ec7m b\u00e1nh th\u1eddi \u0111i\u1ec3m \u0111\u00f3 v\u00e0 c\u00f9ng gia \u0111\u00ecnh sang Ph\u00e1p. Sau hai n\u0103m sau khi t\u1ed1t nghi\u1ec7p tr\u01b0\u1eddng Le Cordon Bleu t\u1ea1i Ph\u00e1p, t\u00f4i v\u00e0 gia \u0111\u00ecnh tr\u1edf l\u1ea1i n\u01b0\u1edbc, v\u00e0 l\u1ea1i ti\u1ebfp t\u1ee5c s\u1ef1 nghi\u1ec7p l\u00e0m b\u00e1nh c\u1ee7a m\u00ecnh v\u1edbi \u0111\u1ee9a con tinh th\u1ea7n \u201cMadame Huong\u201d(C\u01b0\u1eddi).<\/p>\n","protected":false},"excerpt":{"rendered":"<p>Tr\u01b0\u1edbc \u0111\u00e2y, t\u00f4i ch\u1ec9 xu\u1ea5t th\u00e2n trong\u00a0gia \u0111\u00ecnh\u00a0c\u00f3 truy\u1ec1n th\u1ed1ng l\u00e0m b\u00e1nh n\u01b0\u1edbng, b\u00e1nh d\u1ebbo, t\u1eeb vi\u1ec7c y\u00eau th\u00edch l\u00e0m b\u00e1nh v\u00e0 c\u0169ng l\u00e0 c\u01a1 duy\u00ean t\u00f4i \u0111\u01b0\u1ee3c nh\u1eadn l\u00e0m nh\u00e2n vi\u00ean l\u00e0m b\u00e1nh trong kh\u00e1ch s\u1ea1n 5 sao \u2013 Metropole Ha Noi, v\u1edbi th\u00e2m ni\u00ean 10 n\u0103m, sau \u0111\u00f3, c\u0169ng c\u00f3 \u0111i h\u1ecdc v\u00e0 [&#8230;]\n","protected":false},"author":1,"featured_media":0,"parent":0,"menu_order":19,"comment_status":"closed","ping_status":"closed","template":"","meta":{"_acf_changed":false,"footnotes":""},"acf":[],"_links":{"self":[{"href":"https:\/\/banhtrungthu3.themedep.top\/index.php?rest_route=\/wp\/v2\/pages\/1118"}],"collection":[{"href":"https:\/\/banhtrungthu3.themedep.top\/index.php?rest_route=\/wp\/v2\/pages"}],"about":[{"href":"https:\/\/banhtrungthu3.themedep.top\/index.php?rest_route=\/wp\/v2\/types\/page"}],"author":[{"embeddable":true,"href":"https:\/\/banhtrungthu3.themedep.top\/index.php?rest_route=\/wp\/v2\/users\/1"}],"replies":[{"embeddable":true,"href":"https:\/\/banhtrungthu3.themedep.top\/index.php?rest_route=%2Fwp%2Fv2%2Fcomments&post=1118"}],"version-history":[{"count":3,"href":"https:\/\/banhtrungthu3.themedep.top\/index.php?rest_route=\/wp\/v2\/pages\/1118\/revisions"}],"predecessor-version":[{"id":2973,"href":"https:\/\/banhtrungthu3.themedep.top\/index.php?rest_route=\/wp\/v2\/pages\/1118\/revisions\/2973"}],"wp:attachment":[{"href":"https:\/\/banhtrungthu3.themedep.top\/index.php?rest_route=%2Fwp%2Fv2%2Fmedia&parent=1118"}],"curies":[{"name":"wp","href":"https:\/\/api.w.org\/{rel}","templated":true}]}}